. Let t be q(17). Let u be t*(1 - 3/2). Suppose 0 = 2*o - o + u. Determine s(o).
2
Let d(s) = -s**3 - 4*s**2 + 4*s. Let c = -261 + 257. What is d(c)?
-16
Let i(y) = -y**2 + 29*y - 93. Let p be i(25). Let m(q) = 3*q - 2. Calculate m(p).
19
Let i = 251 - 257. Let m(s) = s**2 + 6*s - 2. Give m(i).
-2
Let q(m) = -m**3 + m**2 + 4*m + 1. Suppose -6*y + 77 = 5*y. Let c be (0 - 4) + y + -6. Calculate q(c).
25
Let q = -50 + 34. Let s = -10 - q. Let b(c) = 0 + 4*c**2 - s*c**2 - 3*c + 2. Determine b(-3).
-7
Let j(f) = 1596*f - 1593*f - 11 + 2. Give j(8).
15
Let s(d) = -2*d**3 - 2*d**3 + 3*d**3 + 22 - 4*d - 11*d**2 + 6*d. Let k be s(-11). Let l(v) = -v - 11. Determine l(k).
-11
Suppose 5*f - 4*o - 15 = 0, 3*f - 3*o - 7 = 2. Suppose 3 = 5*b + 28, 3*b = -2*t - 11. Let d(h) = -3*h + h**2 - t + 2. What is d(f)?
0
Let i(c) = -28*c - 7. Let g(x) = -47*x - 13. Let b(j) = 3*g(j) - 5*i(j). What is b(-8)?
4
Suppose -4*h = 5*w - 2*h - 67, -5*h = -5*w + 60. Let l(s) = s - 16. Calculate l(w).
-3
Suppose 0 = -f + 5*s - 34, -7 = -2*f + 2*s - 35. Let q(p) = p**3 + 7*p**2 - 20*p - 1. Determine q(f).
17
Let f(w) = -w**3 + 58*w**2 - 58*w + 66. Let u be f(57). Let t(q) be the first derivative of q**2 + 2*q + 4/3*q**3 - u + 1/4*q**4. Determine t(-4).
-6
Let y(f) = -f**2 - 9*f - 10. Let s(m) = m**2 - 6. Let t be s(3). Suppose -3*k - 11 = -2*k - t*c, 0 = -5*k - 4*c - 36. Determine y(k).
-2
Let w(c) = 15*c**3 + 7*c - 13*c**3 - 6*c - 32*c**2 + 34*c**2. Calculate w(-2).
-10
Let m(d) = 2*d - 2. Let u(c) = -16*c - 50. Let i be u(-3). Give m(i).
-6
Let k(r) be the first derivative of -r**2 + 4*r - 208. Give k(6).
-8
Let n(v) = v**3 - 4*v**2 - 8*v + 5. Suppose 0 = 3*s, -2*o - 18 = -5*o + 4*s. Suppose 0 = -3*x + x + o, 26 = 4*c + 2*x. Determine n(c).
-10
Let d(x) = x**3 + 7*x**2 + 7*x + 8. Let r = 216 - 222. What is d(r)?
2
Let f(h) = -3*h. Let c(m) = -m**3 - 11*m**2 + 11*m - 10. Suppose -3*g + 6 = 5*j + 21, j = -3*g - 27. Let t(i) = i - 2. Let u be t(g). Let x be c(u). Give f(x).
-6
Let o(m) = m**3 + 6*m**2 + 3*m + 6. Let n be (0 - 1) + (1 - -4 - 2). Let b be n/(0 - (-8)/12 - 1). Give o(b).
-12
Let h(o) be the third derivative of o**6/120 - o**5/10 - o**4/8 + o**3/3 + 8*o**2 - 10*o. What is h(5)?
-38
Let r(n) = n**2 - 5*n + 1. Let j(x) = -x**3 - 7*x**2 - 3*x - 9. Let p be j(-7). Let l = p + -3. Suppose 5*d = -s + 11, -2*d = 2*d + s - l. Give r(d).
-5
Suppose 3*z + 5*h + 7 = 0, -5*z - h - 19 = 22. Let w be (6/z)/((-6)/207). Suppose -3*v + w = 2*u, 0*v + 3*u = 2*v - 11. Let t(l) = l**2 - 7*l + 6. Give t(v).
6
Let z(o) = -3*o - 5. Let j(u) = -3*u - 22 - 4*u + 13. Let b(y) = 2*j(y) - 5*z(y). Determine b(-3).
4
Let i(f) be the second derivative of -5*f**4/6 - f**3/2 - f**2/2 - 3*f - 14. Calculate i(-1).
-8
Let x(v) = v**2 - 6*v + 2. Let j be x(6). Suppose 3*z + j*z = 0. Suppose z = q - 4*y + 3 - 0, -y = 4*q - 22. Let n(g) = g - 4. Give n(q).
1
Let d = -8 - -14. Let s(l) = 13*l**2 - 20*l - 16. Suppose 17 = 9*w - 1. Let i(j) = 3*j**2 - 5*j - 4. Let h(f) = w*s(f) - 9*i(f). Calculate h(d).
-2
Let m(p) = 6*p + 2. Let u(h) = h. Let g = 8 - 3. Let v = g - 6. Let w(q) = v*m(q) + 3*u(q). Determine w(2).
-8
Let n(h) be the third derivative of h**6/120 - h**5/10 + 7*h**4/24 - 2*h**3/3 + 72*h**2. What is n(5)?
6
Suppose -22 = -4*v + 2*c, 2*v = -v - 4*c. Suppose 5*n - i - v*i + 20 = 0, -2*n - 2 = i. Let q(j) = -j - 1. Calculate q(n).
1
Let z = 17 + -8. Let d = -11 - -15. Suppose -d*u + 7*u = -z. Let l(p) = -p**3 - 3*p**2 + 2*p - 4. Calculate l(u).
-10
Suppose 0 = -3*d - 2*y + 31, -7*d - 5*y + 18 = -8*d. Let v(s) = -1 + d - 9 + 18 - s. Calculate v(15).
0
Let z(a) = a**3 + 7*a**2 + 2*a + 6. Let k = 494 - 501. Calculate z(k).
-8
Let u(o) = -o**3 - 2*o**2 - o - 2. Let r be u(-2). Suppose -5*g + r = -25. Let s(n) = 4 + 3*n - n + 4 - g. Give s(-3).
-3
Let f(k) = k - 6. Let y = -6 + 13. Let c be f(y). Suppose c = w + 7. Let q(j) = j**3 + 7*j**2 + 4*j - 7. Calculate q(w).
5
Suppose -4*v - k = -4, -3*v - k = -4*k - 3. Let t(p) = -8*p**2 + 3. Let a(j) = -j**2 + 1. Let i(l) = 4*a(l) - t(l). What is i(v)?
5
Let a(i) = -i**2 - 5*i - 5. Let f(c) = -2*c**2 - 7*c - 2. Let s be f(-4). Determine a(s).
-11
Let m(k) be the third derivative of k**4/24 + k**3/2 - 207*k**2. What is m(5)?
8
Let c(x) = -7*x. Let j(q) = q. Let v(i) = 3*c(i) + 12*j(i). What is v(1)?
-9
Let f(v) = 11121*v + 10*v**3 - 11127*v - 5 + 3*v**2 + 4 - 9*v**3. Suppose -16 = -4*n - 36, 7 = 2*z - 3*n. Determine f(z).
7
Let h(m) = -m**2 - m + 8. Let t(n) = -n**2 - 4*n + 2. Let s be t(-4). Suppose -2*p = 4*u + s, -2*u + 6*p = 2*p - 4. Give h(u).
8
Suppose -23 = 48*j + 121. Let a(z) be the second derivative of -z**3/2 - 2*z**2 - z. Determine a(j).
5
Let a be (0 + (-42)/5)/(4/(-920)). Let j(u) = -6 + a*u**2 - 4*u + 0 - 1931*u**2. Calculate j(5).
-1
Suppose -2*c + 30 = -26. Let t be 98/c - (-1)/2. Let m(z) = -z + 5 - 1 + 1. What is m(t)?
1
Let n(v) be the second derivative of v**7/840 - v**6/180 - v**5/60 + v**4/24 - v**3/2 + 7*v. Let h(f) be the second derivative of n(f). Give h(3).
4
Let q(t) = -13*t + 19*t - 5*t - t**2 - 8. Determine q(0).
-8
Suppose 32*b + 220 = 37*b. Let m = b + -55. Let g(f) = f**3 + 10*f**2 - 12*f - 8. Determine g(m).
3
Let y(c) = -c**2 - 17*c - 36. Let k be y(-15). Let t be -1 + (-50)/k + (-8)/24. Let r(q) = -q**3 + 7*q**2 - 2*q + 7. Give r(t).
-7
Let l(f) = f**2 + 2*f + 6. Let w(h) = -h + 1. Let z = -6 + 4. Let p = -4 - z. Let q(b) = p*w(b) + l(b). What is q(-4)?
4
Let y be 6*(-3 + ((-9)/(-2) - 1)). Let j(n) = -3 + 36*n**2 - 4*n - 37*n**2 - y*n + 2*n. Let l be -6*(0 - 3/(-6)). Determine j(l).
3
Let y(s) = 4*s - 25. Let f(m) = 9*m - 45. Let o(t) = -2*f(t) + 5*y(t). Determine o(16).
-3
Let a(h) = -3 + 0 + 1462*h - 1461*h. Determine a(4).
1
Let x(p) = -p + 5. Let w be (2 - 0)*(9 + -11). Let s be (-6)/w*7*(-100)/(-175). Calculate x(s).
-1
Let r(j) be the second derivative of -9*j - 1/2*j**2 + 0 + 0*j**3 - 1/3*j**4. Suppose -4*y = -5*y - 1. Give r(y).
-5
Let k(a) be the second derivative of a**4/12 + a**3/6 + 5*a**2 + a. Suppose 12*d = 29*d. Give k(d).
10
Suppose -2*n = -0 - 6. Let d = 9 + -9. Let f(l) = 49*l**n + l**2 - 50*l**3 + 1 - l + d*l**2. What is f(2)?
-5
Suppose -15*h - 58 = -73. Let a(c) = -4*c**2 + 1. Calculate a(h).
-3
Suppose 5*o - 15 = 5. Suppose -5*v - 2*t = -o*t + 18, 4*v - 4 = -3*t. Let i(g) = 4*g + 3. What is i(v)?
-5
Let t(h) be the second derivative of 2*h**3/3 + 2*h**2 + 65*h. Determine t(-3).
-8
Let w(i) = 18*i + 11*i**2 + 22 + 2*i**2 - 17*i**2. Let r(d) = 3*d**2 - 12*d - 15. Let n(t) = -7*r(t) - 5*w(t). Determine n(-5).
0
Suppose 2*y + 2*o = 24, 5*y - o - 30 = 4*o. Let w(p) be the second derivative of 0 - y*p + 1/20*p**5 - 2*p**2 + 1/2*p**3 + 5/12*p**4. Give w(-3).
5
Let m = 3 + -3. Suppose m = -x - 0*x + 6. Suppose 0 = -3*c - x - 9. Let k(u) = -u**3 - 5*u**2 + 2*u + 1. Give k(c).
-9
Let m(d) = 2*d + 8. Suppose -3*p + 5 - 23 = 0. Let u be (-2)/6 + 94/p. Let i be (12/u)/((-2)/(-16)). Give m(i).
-4
Let h be ((-270)/12)/(-15)*-2. Let b(v) = -v**2 + 2*v + 4. Calculate b(h).
-11
Let k(j) = -j**2 + 8*j + 23. Let a(z) = z**2 + 39*z + 208. Let b be a(-33). What is k(b)?
3
Let d(t) = 3*t - 1. Let n = -1 - -6. Let j(k) = -k**2 + 6*k - 3. Let r(x) = n*d(x) - 2*j(x). Suppose -13*o = -1 + 40. What is r(o)?
10
Let q(i) be the third derivative of 0*i + 0 + 1/60*i**5 - 13*i**2 - 1/3*i**3 - 1/12*i**4. Calculate q(2).
-2
Let n(l) be the first derivative of -l**4/4 - l**3/3 + 7*l**2/2 + 6*l + 743. Give n(-4).
26
Suppose -p + 175 - 168 = -2*j, 0 = -p - 1. Let d(n) = n**2 - 2*n - 12. What is d(j)?
12
Let u(t) = t**2 - 9*t - 9. Let d = -56 + 66. Determine u(d).
1
Let t(k) = -k - 7. Let o(z) = -z**3 - 3*z**2 + 4*z - 2. Suppose -8*w = -5*w + 2*g - 6, 0 = -2*g. Let s be o(w). Let n = 10 + s. Calculate t(n).
-3
Let t be 9 + -13 - (-1 + -3). Let m(o) = 2*o**2 + 5*o - 3 - 3*o**2 + t*o**2. What is m(5)?
-3
Suppose 8 = -0*f + f. Suppose 2 + f = 5*w. Let b(l) = w*l + 1 + 1 + 0. What is b(-2)?
-2
Let r(u) be the second derivative of u**3 + 4*u + 1/60*u**5 + 0 - 3/2*u**2 + 5/24*u**4. Let f(j) be the first derivative of r(j). Give f(-6).
12
Let h be (-150)/(-1425) - 34/(-38) - -5. Let q(d) = d**3 - 6*d**2 - d + 8. Calculate q(h).
2
Let n(c) = c**3 + 8*c**2 + 13*c + 8. Let j be n(-6). Let z(s) = 2*s - 6 - 1 + 11 - s**j. Calculate z(3).
1
Let d(m) b